Is 287321 a composite number?
False
Is 260647 prime?
True
Is 2761 prime?
False
Is 20693 a prime number?
True
Is 39469 composite?
True
Is 64871 a prime number?
True
Is 2479 a prime number?
False
Is 285185 a prime number?
False
Is 4963 a prime number?
False
Is 45403 prime?
True
Is 19769 a composite number?
True
Is 6101 prime?
True
Is 528049 composite?
True
Is 1177009 composite?
False
Is 58543 composite?
False
Is 498441 a prime number?
False
Is 121963 a prime number?
True
Is 150461 prime?
False
Is 2883181 a composite number?
True
Is 708311 prime?
True
Is 61955 composite?
True
Is 11183 composite?
True
Is 89219 a prime number?
False
Is 565157 prime?
False
Is 745 a prime number?
False
Is 285881 a prime number?
False
Is 40379 composite?
True
Is 671501 a composite number?
False
Is 1087349 a composite number?
False
Is 835721 a composite number?
False
Is 891421 prime?
True
Is 61357 a prime number?
True
Is 23723 composite?
True
Is 18199 a prime number?
True
Is 370321 composite?
True
Is 17795 composite?
True
Is 103297 a prime number?
False
Is 167801 composite?
False
Is 1377713 prime?
True
Is 41867 prime?
False
Is 16661 prime?
True
Is 15559 composite?
False
Is 1740521 composite?
False
Is 4169 a prime number?
False
Is 214631 a composite number?
False
Is 55617 prime?
False
Is 1106509 prime?
True
Is 699373 a composite number?
False
Is 655309 prime?
False
Is 1447759 composite?
False
Is 22679 a composite number?
False
Is 8383 a prime number?
False
Is 268871 composite?
True
Is 83854 prime?
False
Is 129001 prime?
True
Is 39335 a composite number?
True
Is 651677 a prime number?
False
Is 6959 a prime number?
True
Is 146441 composite?
True
Is 392017 prime?
False
Is 2833 a composite number?
False
Is 6189 a prime number?
False
Is 669 a prime number?
False
Is 930533 a prime number?
False
Is 1406711 a prime number?
False
Is 8013 a composite number?
True
Is 271873 composite?
True
Is 33209 prime?
False
Is 1363001 a composite number?
True
Is 230761 a composite number?
False
Is 283937 a composite number?
False
Is 14429 composite?
True
Is 7621 prime?
True
Is 13523 a composite number?
False
Is 3967 prime?
True
Is 14813 a prime number?
True
Is 77213 a composite number?
False
Is 103163 a composite number?
True
Is 4703 prime?
True
Is 1409 a composite number?
False
Is 66337 prime?
True
Is 12373 a prime number?
True
Is 12143 composite?
False
Is 59249 composite?
True
Is 19353 a composite number?
True
Is 84541 composite?
True
Is 1220591 a composite number?
False
Is 1283 a composite number?
False
Is 3763 a composite number?
True
Is 114713 a prime number?
True
Is 683 prime?
True
Is 6049 a prime number?
False
Is 6469 composite?
False
Is 13997 a composite number?
False
Is 373 a composite number?
False
Is 67435 a prime number?
False
Is 506411 prime?
False
Is 11855 composite?
True
Is 7313 a prime number?
False
Is 169751 composite?
False
Is 4739 prime?
False
Is 746137 prime?
False
Is 1361 a prime number?
True
Is 21953 prime?
False
Is 6971 a prime number?
True
Is 16921 a prime number?
True
Is 50234 prime?
False
Is 108707 a prime number?
True
Is 5623 composite?
False
Is 38113 a prime number?
True
Is 2327 a composite number?
True
Is 1070287 a composite number?
False
Is 275911 a composite number?
False
Is 53047 composite?
False
Is 172147 a prime number?
True
Is 99213 a composite number?
True
Is 40627 prime?
True
Is 3643 prime?
True
Is 21587 composite?
False
Is 207763 composite?
False
Is 381 a prime number?
False
Is 10594 a prime number?
False
Is 173951 a composite number?
True
Is 4783 prime?
True
Is 212029 prime?
True
Is 1838519 composite?
False
Is 673 a prime number?
True
Is 14026 a composite number?
True
Is 94277 prime?
False
Is 6236899 a prime number?
True
Is 267781 a composite number?
False
Is 1129639 a composite number?
True
Is 13763 prime?
True
Is 5569 composite?
False
Is 194947 prime?
False
Is 1249 a prime number?
True
Is 49057 a prime number?
True
Is 1319 a composite number?
False
Is 129619 a prime number?
False
Is 11863 a prime number?
True
Is 31957 a composite number?
False
Is 41963 a composite number?
True
Is 78331 a composite number?
True
Is 1954 prime?
False
Is 107587 composite?
True
Is 14969 a prime number?
True
Is 39499 prime?
True
Is 193639 prime?
False
Is 200813 a prime number?
False
Is 87753 a prime number?
False
Is 535105 composite?
True
Is 9649 composite?
False
Is 15479 a composite number?
True
Is 6761 composite?
False
Is 48553 a prime number?
False
Is 2046463 a prime number?
True
Is 19609 prime?
True
Is 36247 composite?
True
Is 2321 a prime number?
False
Is 44531 a prime number?
True
Is 589103 prime?
False
Is 98393 prime?
False
Is 500215 a prime number?
False
Is 1371763 prime?
True
Is 2521 prime?
True
Is 7033 a composite number?
True
Is 917 a composite number?
True
Is 19797 prime?
False
Is 2641 a composite number?
True
Is 3013 a composite number?
True
Is 5197 prime?
True
Is 5923 prime?
True
Is 92489 composite?
False
Is 134327 a prime number?
True
Is 433047 a prime number?
False
Is 1831589 prime?
True
Is 215713 prime?
False
Is 160309 a prime number?
True
Is 80683 a prime number?
True
Is 313133 a prime number?
True
Is 85663 composite?
True
Is 9923 a prime number?
True
Is 4175123 composite?
False
Is 641 a prime number?
True
Is 2051 composite?
True
Is 1073 composite?
True
Is 3272443 prime?
True
Is 254593 a composite number?
False
Is 101005 composite?
True
Is 89951 composite?
True
Is 63323 a prime number?
False
Is 7229 composite?
False
Is 653 a prime number?
True
Is 133757 composite?
True
Is 19137 prime?
False
Is 289657 a prime number?
True
Is 614602 a prime number?
False
Is 23687 composite?
False
Is 69181 composite?
True
Is 120189 composite?
True
Is 2843 composite?
False
Is 4169 a composite number?
True
Is 25219 prime?
True
Is 20477 composite?
False
Is 14903 prime?
False
Is 38261 prime?
True
Is 14453 a composite number?
True
Is 4259 prime?
True
Is 441737 composite?
False
Is 2859 a prime number?
False
Is 5471 prime?
True
Is 1571 a prime number?
True
Is 43163 a prime number?
False
Is 32353 a prime number?
True
Is 242717 a prime number?
False
Is 13147 composite?
False
Is 293 a composite number?
False
Is 216431 prime?
True
Is 28739 a composite number?
True
Is 538921 a prime number?
True
Is 28639 composite?
True
Is 86239 prime?
True
Is 54337 composite?
True
Is 42667 a prime number?
True
Is 196341 a composite number?
True
Is 28493 a prime number?
True
Is 170603 prime?
True
Is 10301 a prime number?
True
Is 17221 a prime number?
False
Is 81817 a prime number?
True
Is 526853 a composite number?
False
Is 1630297 a prime number?
False
Is 1258519 a composite number?
True
Is 6329 composite?
False
Is 71513 a composite number?
True
Is 3683 a prime number?
False
Is 5407 a composite number?
False
Is 251 a composite number?
False
Is 22853 composite?
False
Is 13973 composite?
True
Is 13681 a prime number?
True
Is 127885 composite?
True
Is 23431 a prime number?
True
Is 21331 composite?
True
Is 33265 a prime number?
False
Is 193013 a composite number?
False
Is 159763 a composite number?
False
Is 1631761 composite?
False
Is 458789 a prime number?
True
Is 29167 composite?
False
Is 34981 a prime number?
True
Is 269779 a prime number?
True
Is 798911 prime?
True
Is 45829 composite?
True
Is 5261 a prime number?
True
Is 1640467 composite?
False
Is 27983 a prime number?
True
Is 11131 composite?
False
Is 1880735 prime?
False
Is 11801 a prime number?
True
Is 433813 a composite number?
False
Is 8887 composite?
False
Is 73009 a prime number?
True
Is 353867 a prime number?
True
Is 199321 a composite number?
False
Is 8419 a prime number?
True
Is 102571 prime?
False
Is 11729 composite?
True
Is 128023 prime?
False
Is 27443 composite?
True
Is 393017 a composite number?
False
Is 11113 prime?
True
Is 22405 composite?
True
Is 670885 composite?
True
Is 456871 a prime number?
True
Is 293438 a composite number?
True
Is 191339 a composite number?
False
Is 470279 prime?
True
Is 75817 prime?
False
Is 35747 a composite number?
False
Is 603257 prime?
True
Is 21309 a prime number?
False
Is 27403 prime?
False
Is 5580535 composite?
True
Is 661735 a prime number?
False
Is 21683 composite?
False
Is 29989 a prime number?
True
Is 24515 a prime number?
False
Is 458827 a prime number?
False
Is 830539 composite?
True
Is 20153 com